{"id":147,"date":"2025-09-17T09:53:55","date_gmt":"2025-09-17T06:53:55","guid":{"rendered":"https:\/\/ski.fi\/bikeparkfinland\/?page_id=147"},"modified":"2025-12-08T14:03:32","modified_gmt":"2025-12-08T12:03:32","slug":"uutiset","status":"publish","type":"page","link":"https:\/\/ski.fi\/bikeparkfinland\/uutiset\/","title":{"rendered":"Uutiset"},"content":{"rendered":"\n<section class=\"block block-two-cols-article-upsells\">\n  <div class=\"container\">\n\n          <h1>\n        Uutiset      <\/h1>\n    \n          <div class=\"wrapper-articles\">\n        \n          <div class=\"wrapper-article\">\n            <a href=\"https:\/\/ski.fi\/bikeparkfinland\/ajovinkit\/matti-lehikoisen-ajovinkit-poluille-ja-alamakeen\/\" class=\"global-link\" aria-hidden=\"true\" tabindex=\"-1\"><\/a>\n            <div class=\"image image-background\">\n                  <img decoding=\"async\" loading=\"lazy\"\n      alt=\"\"\n      src=\"https:\/\/ski.fi\/media\/sites\/3\/2025\/10\/ghost-matti-lehikoinen-ajovinkit-7103-1-300x192.jpg\"\n              srcset=\"https:\/\/ski.fi\/media\/sites\/3\/2025\/10\/ghost-matti-lehikoinen-ajovinkit-7103-1-300x192.jpg 300w, https:\/\/ski.fi\/media\/sites\/3\/2025\/10\/ghost-matti-lehikoinen-ajovinkit-7103-1-768x492.jpg 768w, https:\/\/ski.fi\/media\/sites\/3\/2025\/10\/ghost-matti-lehikoinen-ajovinkit-7103-1.jpg 936w\"\n        sizes=\"auto, (max-width: 768px) 100vw, (max-width: 1200px) 50vw, 100vw\"\n                    width=\"300\"\n        height=\"192\"\n                      \/>\n                <\/div>\n\n            <div class=\"wrapper-article-content\">\n              <h3 class=\"article-title\">\n                Matti Lehikoisen ajovinkit poluille ja alam\u00e4keen              <\/h3>\n\n              <p class=\"article-excerpt\">\n                Alam\u00e4kipy\u00f6r\u00e4ilyn ammattilainen ja bike park -opettajien kouluttaja Matti Lehikoinen tiet\u00e4\u00e4 miten maastossa \u2013 ja etenkin alam\u00e4ess\u00e4 \u2013 ajetaan. H\u00e4n laati vinkkilistan m\u00e4kip\u00e4iv\u00e4\u00e4n.              <\/p>\n              <p class=\"wrapper-button\">\n                <a href=\"https:\/\/ski.fi\/bikeparkfinland\/ajovinkit\/matti-lehikoisen-ajovinkit-poluille-ja-alamakeen\/\" class=\"button button-arrow-tp-dark\">\n                  Lue juttu                <\/a>\n              <\/p>\n            <\/div>\n          <\/div>\n        \n          <div class=\"wrapper-article\">\n            <a href=\"https:\/\/ski.fi\/bikeparkfinland\/bike-park-uutiset\/tornari-bikepark-paivitetty-klassikko\/\" class=\"global-link\" aria-hidden=\"true\" tabindex=\"-1\"><\/a>\n            <div class=\"image image-background\">\n                  <img decoding=\"async\" loading=\"lazy\"\n      alt=\"\"\n      src=\"https:\/\/ski.fi\/media\/sites\/3\/2025\/10\/tornari-bikepark-62a8061-1-300x192.jpg\"\n              srcset=\"https:\/\/ski.fi\/media\/sites\/3\/2025\/10\/tornari-bikepark-62a8061-1-300x192.jpg 300w, https:\/\/ski.fi\/media\/sites\/3\/2025\/10\/tornari-bikepark-62a8061-1-768x492.jpg 768w, https:\/\/ski.fi\/media\/sites\/3\/2025\/10\/tornari-bikepark-62a8061-1.jpg 936w\"\n        sizes=\"auto, (max-width: 768px) 100vw, (max-width: 1200px) 50vw, 100vw\"\n                    width=\"300\"\n        height=\"192\"\n                      \/>\n                <\/div>\n\n            <div class=\"wrapper-article-content\">\n              <h3 class=\"article-title\">\n                Tornari Bikepark \u2013 p\u00e4ivitetty klassikko              <\/h3>\n\n              <p class=\"article-excerpt\">\n                Klaukkalassa sijaitseva Tornari Bikepark sai uuden yritt\u00e4j\u00e4rypp\u00e4\u00e4n 2024. Nelj\u00e4 taustahenkil\u00f6ist\u00e4 on aktiivisia alam\u00e4kipy\u00f6r\u00e4ilyn harrastajia ja se n\u00e4kyy kehityksess\u00e4.              <\/p>\n              <p class=\"wrapper-button\">\n                <a href=\"https:\/\/ski.fi\/bikeparkfinland\/bike-park-uutiset\/tornari-bikepark-paivitetty-klassikko\/\" class=\"button button-arrow-tp-dark\">\n                  Lue juttu                <\/a>\n              <\/p>\n            <\/div>\n          <\/div>\n              <\/div>\n      <\/div>\n<\/section>\n\n\n\n<section class=\"block block-news-listing-with-sidebar\">\n  <div class=\"container\">\n\n          <h2>\n        Kaikki uutiset      <\/h2>\n    \n          <div class=\"wrapper-newest-posts\">\n                  <div class=\"wrapper-newest-post\">\n            <a href=\"https:\/\/ski.fi\/bikeparkfinland\/yhteistyossa\/maastopyoran-saataminen-matti-lehikoisen-opein\/\" class=\"global-link\" aria-hidden=\"true\" tabindex=\"-1\"><\/a>\n            <div class=\"image image-background\">\n                  <img decoding=\"async\" loading=\"lazy\"\n      alt=\"\"\n      src=\"https:\/\/ski.fi\/media\/sites\/3\/2025\/10\/ghost-matti-lehikoinen-7011-1.jpg\"\n              srcset=\"https:\/\/ski.fi\/media\/sites\/3\/2025\/10\/ghost-matti-lehikoinen-7011-1-300x192.jpg 300w, https:\/\/ski.fi\/media\/sites\/3\/2025\/10\/ghost-matti-lehikoinen-7011-1-768x492.jpg 768w, https:\/\/ski.fi\/media\/sites\/3\/2025\/10\/ghost-matti-lehikoinen-7011-1.jpg 936w\"\n        sizes=\"auto, (max-width: 768px) 100vw, (max-width: 1200px) 50vw, 100vw\"\n                    width=\"936\"\n        height=\"600\"\n                      \/>\n                <\/div>\n\n            <div class=\"wrapper-post-content\">\n              <h3>\n                Maastopy\u00f6r\u00e4n s\u00e4\u00e4t\u00e4minen Matti Lehikoisen opein              <\/h3>\n\n              <p>Turhan moni mielt\u00e4\u00e4 maastopy\u00f6r\u00e4n s\u00e4\u00e4t\u00e4misen eksperttien touhuksi. Hyv\u00e4t peruss\u00e4\u00e4d\u00f6t lis\u00e4\u00e4v\u00e4t ajoturvallisuutta ja ajotuntumaa my\u00f6s silloin, kun vauhtia ei juurikaan ole. Alam\u00e4kilegenda Matti Lehikoinen kertoo vinkkins\u00e4.<\/p>\n\n              <p class=\"wrapper-link\">\n                <a href=\"https:\/\/ski.fi\/bikeparkfinland\/yhteistyossa\/maastopyoran-saataminen-matti-lehikoisen-opein\/\" class=\"link link-arrow\">\n                  Lue juttu                  <svg class=\"arrow-long\" fill=\"none\" height=\"11\" viewBox=\"0 0 14 11\" width=\"14\" xmlns=\"http:\/\/www.w3.org\/2000\/svg\"><path d=\"m.4 4.46487h10.776l-2.76-3.840004h1.872l3.336 4.704004-3.336 4.70403h-1.872l2.76-3.84003h-10.776z\" fill=\"currentColor\"\/><\/svg>                <\/a>\n              <\/p>\n            <\/div>\n          <\/div>\n                  <div class=\"wrapper-newest-post\">\n            <a href=\"https:\/\/ski.fi\/bikeparkfinland\/bike-park-uutiset\/kansallinen-bike-park-paiva-poimi-tutustumistarjoukset\/\" class=\"global-link\" aria-hidden=\"true\" tabindex=\"-1\"><\/a>\n            <div class=\"image image-background\">\n                  <img decoding=\"async\" loading=\"lazy\"\n      alt=\"\"\n      src=\"https:\/\/ski.fi\/media\/sites\/3\/2025\/10\/bikepark-paiva-2024-7446.jpg\"\n              srcset=\"https:\/\/ski.fi\/media\/sites\/3\/2025\/10\/bikepark-paiva-2024-7446-300x192.jpg 300w, https:\/\/ski.fi\/media\/sites\/3\/2025\/10\/bikepark-paiva-2024-7446-768x492.jpg 768w, https:\/\/ski.fi\/media\/sites\/3\/2025\/10\/bikepark-paiva-2024-7446.jpg 936w\"\n        sizes=\"auto, (max-width: 768px) 100vw, (max-width: 1200px) 50vw, 100vw\"\n                    width=\"936\"\n        height=\"600\"\n                      \/>\n                <\/div>\n\n            <div class=\"wrapper-post-content\">\n              <h3>\n                Kansallinen bike park -p\u00e4iv\u00e4: poimi tutustumistarjoukset!              <\/h3>\n\n              <p>Alam\u00e4kipy\u00f6r\u00e4ily on helpompaa ja hauskempaa kuin kuvittelit! Keskiviikkona 25.6.2025 vietet\u00e4\u00e4n kansallista bike park -p\u00e4iv\u00e4\u00e4 ja silloin on useassa keskuksessa tarjouksia lipuista, varusteista ja opastuksesta.<\/p>\n\n              <p class=\"wrapper-link\">\n                <a href=\"https:\/\/ski.fi\/bikeparkfinland\/bike-park-uutiset\/kansallinen-bike-park-paiva-poimi-tutustumistarjoukset\/\" class=\"link link-arrow\">\n                  Lue juttu                  <svg class=\"arrow-long\" fill=\"none\" height=\"11\" viewBox=\"0 0 14 11\" width=\"14\" xmlns=\"http:\/\/www.w3.org\/2000\/svg\"><path d=\"m.4 4.46487h10.776l-2.76-3.840004h1.872l3.336 4.704004-3.336 4.70403h-1.872l2.76-3.84003h-10.776z\" fill=\"currentColor\"\/><\/svg>                <\/a>\n              <\/p>\n            <\/div>\n          <\/div>\n                  <div class=\"wrapper-newest-post\">\n            <a href=\"https:\/\/ski.fi\/bikeparkfinland\/bike-park-uutiset\/nyt-valitaan-vuoden-bike-park-ehdota-suosikkiasi-ja-voit-voittaa-kausikortin\/\" class=\"global-link\" aria-hidden=\"true\" tabindex=\"-1\"><\/a>\n            <div class=\"image image-background\">\n                  <img decoding=\"async\" loading=\"lazy\"\n      alt=\"\"\n      src=\"https:\/\/ski.fi\/media\/sites\/3\/2025\/10\/vuoden-bike-park-2022-kysely-2498.jpg\"\n              srcset=\"https:\/\/ski.fi\/media\/sites\/3\/2025\/10\/vuoden-bike-park-2022-kysely-2498-300x192.jpg 300w, https:\/\/ski.fi\/media\/sites\/3\/2025\/10\/vuoden-bike-park-2022-kysely-2498-768x492.jpg 768w, https:\/\/ski.fi\/media\/sites\/3\/2025\/10\/vuoden-bike-park-2022-kysely-2498.jpg 936w\"\n        sizes=\"auto, (max-width: 768px) 100vw, (max-width: 1200px) 50vw, 100vw\"\n                    width=\"936\"\n        height=\"600\"\n                      \/>\n                <\/div>\n\n            <div class=\"wrapper-post-content\">\n              <h3>\n                Nyt valitaan Vuoden Bike Park \u2013 ehdota suosikkiasi ja voit voittaa kausikortin!              <\/h3>\n\n              <p>Nyt valitaan Vuoden Bike Park 2025. Kerro ehdotuksesi perusteluineen ja voit voittaa kausikortin valitsemaasi bike parkiini!<\/p>\n\n              <p class=\"wrapper-link\">\n                <a href=\"https:\/\/ski.fi\/bikeparkfinland\/bike-park-uutiset\/nyt-valitaan-vuoden-bike-park-ehdota-suosikkiasi-ja-voit-voittaa-kausikortin\/\" class=\"link link-arrow\">\n                  Lue juttu                  <svg class=\"arrow-long\" fill=\"none\" height=\"11\" viewBox=\"0 0 14 11\" width=\"14\" xmlns=\"http:\/\/www.w3.org\/2000\/svg\"><path d=\"m.4 4.46487h10.776l-2.76-3.840004h1.872l3.336 4.704004-3.336 4.70403h-1.872l2.76-3.84003h-10.776z\" fill=\"currentColor\"\/><\/svg>                <\/a>\n              <\/p>\n            <\/div>\n          <\/div>\n                  <div class=\"wrapper-newest-post\">\n            <a href=\"https:\/\/ski.fi\/bikeparkfinland\/bike-park-uutiset\/vuoden-bike-park-2024-on-yllas\/\" class=\"global-link\" aria-hidden=\"true\" tabindex=\"-1\"><\/a>\n            <div class=\"image image-background\">\n                  <img decoding=\"async\" loading=\"lazy\"\n      alt=\"\"\n      src=\"https:\/\/ski.fi\/media\/sites\/3\/2025\/10\/yllas-vuoden-bike-park-2024-6282.jpg\"\n              srcset=\"https:\/\/ski.fi\/media\/sites\/3\/2025\/10\/yllas-vuoden-bike-park-2024-6282-300x192.jpg 300w, https:\/\/ski.fi\/media\/sites\/3\/2025\/10\/yllas-vuoden-bike-park-2024-6282-768x492.jpg 768w, https:\/\/ski.fi\/media\/sites\/3\/2025\/10\/yllas-vuoden-bike-park-2024-6282.jpg 936w\"\n        sizes=\"auto, (max-width: 768px) 100vw, (max-width: 1200px) 50vw, 100vw\"\n                    width=\"936\"\n        height=\"600\"\n                      \/>\n                <\/div>\n\n            <div class=\"wrapper-post-content\">\n              <h3>\n                Vuoden Bike Park 2024 on Yll\u00e4s              <\/h3>\n\n              <p>Yll\u00e4s on voittanut Vuoden Bike Park 2024 -palkinnon. Toimialalla himoittu palkinto jaettiin 18.9.2024 Suomen Hiihtokeskusyhdistys ry:n vuosikokouksessa Rukalla. Tilaisuudessa my\u00f6nnettiin my\u00f6s kolme Vuoden teko -palkintoa.<\/p>\n\n              <p class=\"wrapper-link\">\n                <a href=\"https:\/\/ski.fi\/bikeparkfinland\/bike-park-uutiset\/vuoden-bike-park-2024-on-yllas\/\" class=\"link link-arrow\">\n                  Lue juttu                  <svg class=\"arrow-long\" fill=\"none\" height=\"11\" viewBox=\"0 0 14 11\" width=\"14\" xmlns=\"http:\/\/www.w3.org\/2000\/svg\"><path d=\"m.4 4.46487h10.776l-2.76-3.840004h1.872l3.336 4.704004-3.336 4.70403h-1.872l2.76-3.84003h-10.776z\" fill=\"currentColor\"\/><\/svg>                <\/a>\n              <\/p>\n            <\/div>\n          <\/div>\n                  <div class=\"wrapper-newest-post\">\n            <a href=\"https:\/\/ski.fi\/bikeparkfinland\/bike-park-uutiset\/ruosniemi-town-hill-center-intohimosta-alamakeen\/\" class=\"global-link\" aria-hidden=\"true\" tabindex=\"-1\"><\/a>\n            <div class=\"image image-background\">\n                  <img decoding=\"async\" loading=\"lazy\"\n      alt=\"\"\n      src=\"https:\/\/ski.fi\/media\/sites\/3\/2025\/10\/ruosniemi-bikepark.jpg\"\n              srcset=\"https:\/\/ski.fi\/media\/sites\/3\/2025\/10\/ruosniemi-bikepark-300x192.jpg 300w, https:\/\/ski.fi\/media\/sites\/3\/2025\/10\/ruosniemi-bikepark-768x492.jpg 768w, https:\/\/ski.fi\/media\/sites\/3\/2025\/10\/ruosniemi-bikepark.jpg 936w\"\n        sizes=\"auto, (max-width: 768px) 100vw, (max-width: 1200px) 50vw, 100vw\"\n                    width=\"936\"\n        height=\"600\"\n                      \/>\n                <\/div>\n\n            <div class=\"wrapper-post-content\">\n              <h3>\n                Ruosniemi Town Hill Center \u2013 intohimosta alam\u00e4keen              <\/h3>\n\n              <p>Pori on tunnetusti tasaista vanhaa meren pohjaa, jossa korkeuserot ovat l\u00e4hinn\u00e4 nimellisi\u00e4. Vimma alam\u00e4kilajeja kohtaan on kaupungissa kuitenkin ollut niin suuri, ett\u00e4 piskuisessa Ruosniemess\u00e4 py\u00f6rii el\u00e4v\u00e4inen alam\u00e4kikeskus.<\/p>\n\n              <p class=\"wrapper-link\">\n                <a href=\"https:\/\/ski.fi\/bikeparkfinland\/bike-park-uutiset\/ruosniemi-town-hill-center-intohimosta-alamakeen\/\" class=\"link link-arrow\">\n                  Lue juttu                  <svg class=\"arrow-long\" fill=\"none\" height=\"11\" viewBox=\"0 0 14 11\" width=\"14\" xmlns=\"http:\/\/www.w3.org\/2000\/svg\"><path d=\"m.4 4.46487h10.776l-2.76-3.840004h1.872l3.336 4.704004-3.336 4.70403h-1.872l2.76-3.84003h-10.776z\" fill=\"currentColor\"\/><\/svg>                <\/a>\n              <\/p>\n            <\/div>\n          <\/div>\n        \n              <\/div>\n    \n          <div class=\"wrapper-most-read-posts\">\n        <h3 class=\"archive-heading\">\n          Luetuimmat        <\/h3>\n                  <div class=\"wrapper-most-read-post\">\n            <a href=\"https:\/\/ski.fi\/bikeparkfinland\/pyorat-ja-varusteet\/kyparat-ja-lasit-bike-parkiin\/\" class=\"global-link\" aria-hidden=\"true\" tabindex=\"-1\"><\/a>\n            <div class=\"image image-background\">\n                  <img decoding=\"async\" loading=\"lazy\"\n      alt=\"\"\n      src=\"https:\/\/ski.fi\/media\/sites\/3\/2025\/10\/kypara-ja-lasit-bikepark-levi-2867.jpg\"\n              srcset=\"https:\/\/ski.fi\/media\/sites\/3\/2025\/10\/kypara-ja-lasit-bikepark-levi-2867-300x192.jpg 300w, https:\/\/ski.fi\/media\/sites\/3\/2025\/10\/kypara-ja-lasit-bikepark-levi-2867-768x492.jpg 768w, https:\/\/ski.fi\/media\/sites\/3\/2025\/10\/kypara-ja-lasit-bikepark-levi-2867.jpg 936w\"\n        sizes=\"auto, (max-width: 768px) 100vw, (max-width: 1200px) 50vw, 100vw\"\n                    width=\"936\"\n        height=\"600\"\n                      \/>\n                <\/div>\n            <h4>\n              Kyp\u00e4r\u00e4t ja lasit bike parkiin            <\/h4>\n          <\/div>\n                  <div class=\"wrapper-most-read-post\">\n            <a href=\"https:\/\/ski.fi\/bikeparkfinland\/bike-park-uutiset\/katja-stahl-hullaantui-alamakipyorailysta-alyttoman-hauska-laji-jota-on-turha-pelata\/\" class=\"global-link\" aria-hidden=\"true\" tabindex=\"-1\"><\/a>\n            <div class=\"image image-background\">\n                  <img decoding=\"async\" loading=\"lazy\"\n      alt=\"\"\n      src=\"https:\/\/ski.fi\/media\/sites\/3\/2025\/10\/katja-stahl-bikepark-4120.jpg\"\n              srcset=\"https:\/\/ski.fi\/media\/sites\/3\/2025\/10\/katja-stahl-bikepark-4120-300x192.jpg 300w, https:\/\/ski.fi\/media\/sites\/3\/2025\/10\/katja-stahl-bikepark-4120-768x492.jpg 768w, https:\/\/ski.fi\/media\/sites\/3\/2025\/10\/katja-stahl-bikepark-4120.jpg 936w\"\n        sizes=\"auto, (max-width: 768px) 100vw, (max-width: 1200px) 50vw, 100vw\"\n                    width=\"936\"\n        height=\"600\"\n                      \/>\n                <\/div>\n            <h4>\n              Katja St\u00e5hl hullaantui alam\u00e4kipy\u00f6r\u00e4ilyst\u00e4: \u201d\u00c4lytt\u00f6m\u00e4n hauska laji, jota on turha pel\u00e4t\u00e4\u201d            <\/h4>\n          <\/div>\n                  <div class=\"wrapper-most-read-post\">\n            <a href=\"https:\/\/ski.fi\/bikeparkfinland\/bike-park-uutiset\/taman-takia-vuoden-bike-park-palkittu-sappee-on-niin-monen-suosikki\/\" class=\"global-link\" aria-hidden=\"true\" tabindex=\"-1\"><\/a>\n            <div class=\"image image-background\">\n                  <img decoding=\"async\" loading=\"lazy\"\n      alt=\"\"\n      src=\"https:\/\/ski.fi\/media\/sites\/3\/2025\/10\/sappee-bikepark-54.jpg\"\n              srcset=\"https:\/\/ski.fi\/media\/sites\/3\/2025\/10\/sappee-bikepark-54-300x192.jpg 300w, https:\/\/ski.fi\/media\/sites\/3\/2025\/10\/sappee-bikepark-54-768x492.jpg 768w, https:\/\/ski.fi\/media\/sites\/3\/2025\/10\/sappee-bikepark-54.jpg 936w\"\n        sizes=\"auto, (max-width: 768px) 100vw, (max-width: 1200px) 50vw, 100vw\"\n                    width=\"936\"\n        height=\"600\"\n                      \/>\n                <\/div>\n            <h4>\n              T\u00e4m\u00e4n takia Vuoden Bike Park -palkittu Sappee on niin monen suosikki            <\/h4>\n          <\/div>\n                  <div class=\"wrapper-most-read-post\">\n            <a href=\"https:\/\/ski.fi\/bikeparkfinland\/ajovinkit\/hissin-kaytto-pyoralla-on-helppoa\/\" class=\"global-link\" aria-hidden=\"true\" tabindex=\"-1\"><\/a>\n            <div class=\"image image-background\">\n                  <img decoding=\"async\" loading=\"lazy\"\n      alt=\"\"\n      src=\"https:\/\/ski.fi\/media\/sites\/3\/2025\/10\/sompahissi_bikepark_9430-1.jpg\"\n              srcset=\"https:\/\/ski.fi\/media\/sites\/3\/2025\/10\/sompahissi_bikepark_9430-1-300x170.jpg 300w, https:\/\/ski.fi\/media\/sites\/3\/2025\/10\/sompahissi_bikepark_9430-1-1024x580.jpg 1024w, https:\/\/ski.fi\/media\/sites\/3\/2025\/10\/sompahissi_bikepark_9430-1-768x435.jpg 768w, https:\/\/ski.fi\/media\/sites\/3\/2025\/10\/sompahissi_bikepark_9430-1.jpg 1500w\"\n        sizes=\"auto, (max-width: 768px) 100vw, (max-width: 1200px) 50vw, 100vw\"\n                    width=\"1500\"\n        height=\"850\"\n                      \/>\n                <\/div>\n            <h4>\n              Hissin k\u00e4ytt\u00f6 py\u00f6r\u00e4ll\u00e4 on helppoa            <\/h4>\n          <\/div>\n                  <div class=\"wrapper-most-read-post\">\n            <a href=\"https:\/\/ski.fi\/bikeparkfinland\/yhteistyossa\/maastopyoran-saataminen-matti-lehikoisen-opein\/\" class=\"global-link\" aria-hidden=\"true\" tabindex=\"-1\"><\/a>\n            <div class=\"image image-background\">\n                  <img decoding=\"async\" loading=\"lazy\"\n      alt=\"\"\n      src=\"https:\/\/ski.fi\/media\/sites\/3\/2025\/10\/ghost-matti-lehikoinen-7011-1.jpg\"\n              srcset=\"https:\/\/ski.fi\/media\/sites\/3\/2025\/10\/ghost-matti-lehikoinen-7011-1-300x192.jpg 300w, https:\/\/ski.fi\/media\/sites\/3\/2025\/10\/ghost-matti-lehikoinen-7011-1-768x492.jpg 768w, https:\/\/ski.fi\/media\/sites\/3\/2025\/10\/ghost-matti-lehikoinen-7011-1.jpg 936w\"\n        sizes=\"auto, (max-width: 768px) 100vw, (max-width: 1200px) 50vw, 100vw\"\n                    width=\"936\"\n        height=\"600\"\n                      \/>\n                <\/div>\n            <h4>\n              Maastopy\u00f6r\u00e4n s\u00e4\u00e4t\u00e4minen Matti Lehikoisen opein            <\/h4>\n          <\/div>\n        \n        <p class=\"wrapper-button\">\n          <a href=\"https:\/\/ski.fi\/bikeparkfinland\/kaikki-uutiset\/\" class=\"button button-arrow-bg-dark\">\n            Katso kaikki uutiset          <\/a>\n        <\/p>\n\n        \n      <\/div>\n    \n  <\/div>\n<\/section>\n\n\n","protected":false},"excerpt":{"rendered":"","protected":false},"author":1,"featured_media":0,"parent":0,"menu_order":0,"comment_status":"closed","ping_status":"closed","template":"","meta":{"_acf_changed":false,"_relevanssi_hide_post":"","_relevanssi_hide_content":"","_relevanssi_pin_for_all":"","_relevanssi_pin_keywords":"","_relevanssi_unpin_keywords":"","_relevanssi_related_keywords":"","_relevanssi_related_include_ids":"","_relevanssi_related_exclude_ids":"","_relevanssi_related_no_append":"","_relevanssi_related_not_related":"","_relevanssi_related_posts":"830,858,804,805,803,802","_relevanssi_noindex_reason":"","footnotes":""},"class_list":["post-147","page","type-page","status-publish","hentry"],"acf":[],"yoast_head":"<title>Uutiset - Bikepark Finland<\/title>\n<meta name=\"robots\" content=\"index, follow, max-snippet:-1, max-image-preview:large, max-video-preview:-1\" \/>\n<link rel=\"canonical\" href=\"https:\/\/ski.fi\/bikeparkfinland\/uutiset\/\" \/>\n<meta property=\"og:locale\" content=\"fi_FI\" \/>\n<meta property=\"og:type\" content=\"article\" \/>\n<meta property=\"og:title\" content=\"Uutiset - Bikepark Finland\" \/>\n<meta property=\"og:url\" content=\"https:\/\/ski.fi\/bikeparkfinland\/uutiset\/\" \/>\n<meta property=\"og:site_name\" content=\"Bikepark Finland\" \/>\n<meta property=\"article:modified_time\" content=\"2025-12-08T12:03:32+00:00\" \/>\n<meta property=\"og:image\" content=\"https:\/\/ski.fi\/media\/sites\/3\/fallback.png\" \/>\n\t<meta property=\"og:image:width\" content=\"1200\" \/>\n\t<meta property=\"og:image:height\" content=\"630\" \/>\n\t<meta property=\"og:image:type\" content=\"image\/png\" \/>\n<meta name=\"twitter:card\" content=\"summary_large_image\" \/>\n<meta name=\"twitter:label1\" content=\"Arvioitu lukuaika\" \/>\n\t<meta name=\"twitter:data1\" content=\"2 minuuttia\" \/>\n<script type=\"application\/ld+json\" class=\"yoast-schema-graph\">{\"@context\":\"https:\\\/\\\/schema.org\",\"@graph\":[{\"@type\":\"WebPage\",\"@id\":\"https:\\\/\\\/ski.fi\\\/bikeparkfinland\\\/uutiset\\\/\",\"url\":\"https:\\\/\\\/ski.fi\\\/bikeparkfinland\\\/uutiset\\\/\",\"name\":\"Uutiset - Bikepark Finland\",\"isPartOf\":{\"@id\":\"https:\\\/\\\/ski.fi\\\/bikeparkfinland\\\/#website\"},\"datePublished\":\"2025-09-17T06:53:55+00:00\",\"dateModified\":\"2025-12-08T12:03:32+00:00\",\"breadcrumb\":{\"@id\":\"https:\\\/\\\/ski.fi\\\/bikeparkfinland\\\/uutiset\\\/#breadcrumb\"},\"inLanguage\":\"fi\",\"potentialAction\":[{\"@type\":\"ReadAction\",\"target\":[\"https:\\\/\\\/ski.fi\\\/bikeparkfinland\\\/uutiset\\\/\"]}]},{\"@type\":\"BreadcrumbList\",\"@id\":\"https:\\\/\\\/ski.fi\\\/bikeparkfinland\\\/uutiset\\\/#breadcrumb\",\"itemListElement\":[{\"@type\":\"ListItem\",\"position\":1,\"name\":\"Etusivu\",\"item\":\"https:\\\/\\\/ski.fi\\\/bikeparkfinland\\\/\"},{\"@type\":\"ListItem\",\"position\":2,\"name\":\"Uutiset\"}]},{\"@type\":\"WebSite\",\"@id\":\"https:\\\/\\\/ski.fi\\\/bikeparkfinland\\\/#website\",\"url\":\"https:\\\/\\\/ski.fi\\\/bikeparkfinland\\\/\",\"name\":\"Bikepark Finland\",\"description\":\"\",\"potentialAction\":[{\"@type\":\"SearchAction\",\"target\":{\"@type\":\"EntryPoint\",\"urlTemplate\":\"https:\\\/\\\/ski.fi\\\/bikeparkfinland\\\/?s={search_term_string}\"},\"query-input\":{\"@type\":\"PropertyValueSpecification\",\"valueRequired\":true,\"valueName\":\"search_term_string\"}}],\"inLanguage\":\"fi\"}]}<\/script>","yoast_head_json":{"title":"Uutiset - Bikepark Finland","robots":{"index":"index","follow":"follow","max-snippet":"max-snippet:-1","max-image-preview":"max-image-preview:large","max-video-preview":"max-video-preview:-1"},"canonical":"https:\/\/ski.fi\/bikeparkfinland\/uutiset\/","og_locale":"fi_FI","og_type":"article","og_title":"Uutiset - Bikepark Finland","og_url":"https:\/\/ski.fi\/bikeparkfinland\/uutiset\/","og_site_name":"Bikepark Finland","article_modified_time":"2025-12-08T12:03:32+00:00","og_image":[{"width":1200,"height":630,"url":"https:\/\/ski.fi\/media\/sites\/3\/fallback.png","type":"image\/png"}],"twitter_card":"summary_large_image","twitter_misc":{"Arvioitu lukuaika":"2 minuuttia"},"schema":{"@context":"https:\/\/schema.org","@graph":[{"@type":"WebPage","@id":"https:\/\/ski.fi\/bikeparkfinland\/uutiset\/","url":"https:\/\/ski.fi\/bikeparkfinland\/uutiset\/","name":"Uutiset - Bikepark Finland","isPartOf":{"@id":"https:\/\/ski.fi\/bikeparkfinland\/#website"},"datePublished":"2025-09-17T06:53:55+00:00","dateModified":"2025-12-08T12:03:32+00:00","breadcrumb":{"@id":"https:\/\/ski.fi\/bikeparkfinland\/uutiset\/#breadcrumb"},"inLanguage":"fi","potentialAction":[{"@type":"ReadAction","target":["https:\/\/ski.fi\/bikeparkfinland\/uutiset\/"]}]},{"@type":"BreadcrumbList","@id":"https:\/\/ski.fi\/bikeparkfinland\/uutiset\/#breadcrumb","itemListElement":[{"@type":"ListItem","position":1,"name":"Etusivu","item":"https:\/\/ski.fi\/bikeparkfinland\/"},{"@type":"ListItem","position":2,"name":"Uutiset"}]},{"@type":"WebSite","@id":"https:\/\/ski.fi\/bikeparkfinland\/#website","url":"https:\/\/ski.fi\/bikeparkfinland\/","name":"Bikepark Finland","description":"","potentialAction":[{"@type":"SearchAction","target":{"@type":"EntryPoint","urlTemplate":"https:\/\/ski.fi\/bikeparkfinland\/?s={search_term_string}"},"query-input":{"@type":"PropertyValueSpecification","valueRequired":true,"valueName":"search_term_string"}}],"inLanguage":"fi"}]}},"lang":"fi","translations":{"fi":147},"pll_sync_post":[],"_links":{"self":[{"href":"https:\/\/ski.fi\/bikeparkfinland\/wp-json\/wp\/v2\/pages\/147","targetHints":{"allow":["GET"]}}],"collection":[{"href":"https:\/\/ski.fi\/bikeparkfinland\/wp-json\/wp\/v2\/pages"}],"about":[{"href":"https:\/\/ski.fi\/bikeparkfinland\/wp-json\/wp\/v2\/types\/page"}],"author":[{"embeddable":true,"href":"https:\/\/ski.fi\/bikeparkfinland\/wp-json\/wp\/v2\/users\/1"}],"replies":[{"embeddable":true,"href":"https:\/\/ski.fi\/bikeparkfinland\/wp-json\/wp\/v2\/comments?post=147"}],"version-history":[{"count":3,"href":"https:\/\/ski.fi\/bikeparkfinland\/wp-json\/wp\/v2\/pages\/147\/revisions"}],"predecessor-version":[{"id":1812,"href":"https:\/\/ski.fi\/bikeparkfinland\/wp-json\/wp\/v2\/pages\/147\/revisions\/1812"}],"wp:attachment":[{"href":"https:\/\/ski.fi\/bikeparkfinland\/wp-json\/wp\/v2\/media?parent=147"}],"curies":[{"name":"wp","href":"https:\/\/api.w.org\/{rel}","templated":true}]}}