{"id":1632,"date":"2025-12-04T15:06:19","date_gmt":"2025-12-04T13:06:19","guid":{"rendered":"https:\/\/ski.fi\/bikeparkfinland\/?page_id=1632"},"modified":"2025-12-07T11:05:18","modified_gmt":"2025-12-07T09:05:18","slug":"yhteystiedot","status":"publish","type":"page","link":"https:\/\/ski.fi\/bikeparkfinland\/yhteystiedot\/","title":{"rendered":"Yhteystiedot"},"content":{"rendered":"\n<section class=\"block block-hero-subpage has-image\">\n  <div class=\"container\">\n\n    <div class=\"wrapper-content\">\n              <h1 class=\"heading\">\n          Yhteystiedot        <\/h1>\n      \n      \n              <div class=\"wrapper-content-text\">\n          <p>Bikeparkfinland.fi:n ja Suomen Hiihtokeskusyhdistys ry:n yhteystiedot ja laskutusosoite.<\/p>\n        <\/div>\n      \n      \n          <\/div>\n\n          <div class=\"image image-background\">\n            <img decoding=\"async\" loading=\"lazy\"\n      alt=\"\"\n      src=\"https:\/\/ski.fi\/media\/sites\/3\/levi_bikepark_2534.jpg\"\n              srcset=\"https:\/\/ski.fi\/media\/sites\/3\/levi_bikepark_2534-300x200.jpg 300w, https:\/\/ski.fi\/media\/sites\/3\/levi_bikepark_2534-1024x683.jpg 1024w, https:\/\/ski.fi\/media\/sites\/3\/levi_bikepark_2534-768x512.jpg 768w, https:\/\/ski.fi\/media\/sites\/3\/levi_bikepark_2534-1536x1024.jpg 1536w, https:\/\/ski.fi\/media\/sites\/3\/levi_bikepark_2534-2048x1365.jpg 2048w\"\n        sizes=\"auto, (max-width: 768px) 100vw, (max-width: 1200px) 50vw, 100vw\"\n                    width=\"3840\"\n        height=\"2560\"\n                      \/>\n    \n              <\/div>\n\n    \n  <\/div>\n<\/section>\n\n\n\n<section class=\"block block-contact\">\n  <div class=\"container container-padding-large\">\n    <div class=\"wrapper-main-content\">\n      <h2 class=\"heading\">\n        Bikeparkfinland.fi\/Suomen Hiihtokeskusyhdistys ry      <\/h2>\n\n              <div class=\"content\">\n          <p>Sinikalliontie 7<br \/>\n02630 Espoo<br \/>\nPuhelin: <a href=\"tel:040 940 1800\">040 940 1800<\/a><\/p>\n        <\/div>\n          <\/div>\n\n    <div class=\"wrapper-contacts\">\n              <div class=\"wrapper-contact\">\n                      <h3 class=\"contact-heading\">\n              Toiminnanjohtaja            <\/h3>\n          \n                      <div class=\"contact-info\">\n              <p><strong>Harri Lindfors<br \/>\n<\/strong>Puh. <a href=\"tel:050 540 9000\">050 540 9000<\/a><br \/>\nS\u00e4hk\u00f6posti: <a href=\"mailto:harri.lindfors@ski.fi\">harri.lindfors@ski.fi<\/a><\/p>\n            <\/div>\n                  <\/div>\n              <div class=\"wrapper-contact\">\n                      <h3 class=\"contact-heading\">\n              Toimisto            <\/h3>\n          \n                      <div class=\"contact-info\">\n              <p><strong>Virpi Mikkola<br \/>\n<\/strong>Klo 9.00\u201315.00<br \/>\nPuh. <a href=\"tel:0409401800\">040 940 1800<\/a><br \/>\nS\u00e4hk\u00f6posti: <a href=\"mailto:virpi.mikkola@ski.fi\">virpi.mikkola@ski.fi<\/a><\/p>\n            <\/div>\n                  <\/div>\n              <div class=\"wrapper-contact\">\n                      <h3 class=\"contact-heading\">\n              Tiedotus            <\/h3>\n          \n                      <div class=\"contact-info\">\n              <p><strong>Harri Lindfors<br \/>\n<\/strong>Puh. <a href=\"tel:050 540 9000\">050 540 9000<\/a><br \/>\nS\u00e4hk\u00f6posti: <a href=\"mailto:harri.lindfors@ski.fi\">harri.lindfors@ski.fi<\/a><\/p>\n            <\/div>\n                  <\/div>\n              <div class=\"wrapper-contact\">\n                      <h3 class=\"contact-heading\">\n              Mediapankki            <\/h3>\n          \n                      <div class=\"contact-info\">\n              <p>Kuvia suomalaisista bike parkeista ja hiihtokeskuksista toimitukselliseen k\u00e4ytt\u00f6\u00f6n. Kuvan yhteydess\u00e4 mainittava Ski.fi ja hiihtokeskus.<br \/>\n<a href=\"https:\/\/ski.emmi.fi\/\">Mediapankkiin p\u00e4\u00e4set t\u00e4st\u00e4.<\/a><\/p>\n            <\/div>\n                  <\/div>\n              <div class=\"wrapper-contact\">\n                      <h3 class=\"contact-heading\">\n              Laskut            <\/h3>\n          \n                      <div class=\"contact-info\">\n              <p>OVT 003706852028,<br \/>\nBasWare BAWCFI22\u2028tai<br \/>\nS\u00e4hk\u00f6posti: <a href=\"mailto:laskut@administer.fi\">laskut@administer.fi<\/a><br \/>\nY-tunnus: 0685202-8<\/p>\n            <\/div>\n                  <\/div>\n              <div class=\"wrapper-contact\">\n                      <h3 class=\"contact-heading\">\n              Bikeparkfinland.fi:n ja Ski.fi:n toimitus            <\/h3>\n          \n                      <div class=\"contact-info\">\n              <p>P\u00e4\u00e4toimittaja Harri Lindfors<br \/>\nPuh. <a href=\"tel:050 540 9000\">050 540 9000<\/a><br \/>\nS\u00e4hk\u00f6posti: <a href=\"mailto:harri.lindfors@ski.fi\">harri.lindfors@ski.fi<\/a><\/p>\n            <\/div>\n                  <\/div>\n              <div class=\"wrapper-contact\">\n                      <h3 class=\"contact-heading\">\n              Mediamyynti            <\/h3>\n          \n                      <div class=\"contact-info\">\n              <p>Mediateko<br \/>\n<a href=\"#\">mediateko.fi<\/a><\/p>\n            <\/div>\n                  <\/div>\n              <div class=\"wrapper-contact\">\n                      <h3 class=\"contact-heading\">\n              Ski.fi kortit            <\/h3>\n          \n                      <div class=\"contact-info\">\n              <p>Ski.fi-kortteihin liittyviss\u00e4 ongelmissa ole hyv\u00e4 ja ota yhteys Cardun asiakastukeen:<br \/>\n+358 400 6000 31 tai\u00a0<a href=\"mailto:support@cardu.com\">support@cardu.com<\/a><\/p>\n            <\/div>\n                  <\/div>\n          <\/div>\n\n  <\/div>\n<\/section>\n\n\n\n<section class=\"block block-one-col-text\">\n  <div class=\"container\">\n\n    <div class=\"wrapper-content\">\n          <h2 class=\"heading\">\n        Bikeparkfinland.fi ja Ski.fi\u00a0\u2013 kaikki alam\u00e4est\u00e4      <\/h2>\n    \n          <div class=\"content\">\n        <p>Bikeparkfinland.fi ja Ski.fi ovat Suomen Hiihtokeskusyhdistys ry:n julkaisema verkkomedia, joiden tavoitteena on innostaa lukijoitaan alam\u00e4en maailmaan.<\/p>\n<p>Bikeparkfinland.fi ja Ski.fi opastavat laskettelijoita, lumilautailijoita, py\u00f6r\u00e4ilij\u00f6it\u00e4 ja muita hiihtokeskusten asiakkaita harrastuksessaan sek\u00e4 lomasuunnitelmissaan.<\/p>\n<p>Ski.fi\u00a0on Suomen suurin ja t\u00e4rkein laskettelumedia \u2013 jopa yli 120 000 k\u00e4vij\u00e4\u00e4 kuukaudessa.<\/p>\n      <\/div>\n        <\/div>\n\n    \n  <\/div>\n<\/section>\n\n\n\n<section class=\"block block-most-read-articles\">\n  <div class=\"container\">\n\n          <h2 class=\"heading\">\n        Luetuimmat uutiset      <\/h2>\n    \n          <ul class=\"wrapper-articles\">\n                  <li class=\"wrapper-article\">\n            <a href=\"https:\/\/ski.fi\/bikeparkfinland\/pyorat-ja-varusteet\/kyparat-ja-lasit-bike-parkiin\/\" class=\"global-link\" aria-hidden=\"true\"><\/a>\n            <div class=\"image image-background\">\n                  <img decoding=\"async\" loading=\"lazy\"\n      alt=\"\"\n      src=\"https:\/\/ski.fi\/media\/sites\/3\/2025\/10\/kypara-ja-lasit-bikepark-levi-2867.jpg\"\n              srcset=\"https:\/\/ski.fi\/media\/sites\/3\/2025\/10\/kypara-ja-lasit-bikepark-levi-2867-300x192.jpg 300w, https:\/\/ski.fi\/media\/sites\/3\/2025\/10\/kypara-ja-lasit-bikepark-levi-2867-768x492.jpg 768w, https:\/\/ski.fi\/media\/sites\/3\/2025\/10\/kypara-ja-lasit-bikepark-levi-2867.jpg 936w\"\n        sizes=\"auto, (max-width: 768px) 100vw, (max-width: 1200px) 50vw, 100vw\"\n                    width=\"936\"\n        height=\"600\"\n                      \/>\n                <\/div>\n            <h3 class=\"article-title\">\n              Kyp\u00e4r\u00e4t ja lasit bike parkiin            <\/h3>\n          <\/li>\n                  <li class=\"wrapper-article\">\n            <a href=\"https:\/\/ski.fi\/bikeparkfinland\/bike-park-uutiset\/katja-stahl-hullaantui-alamakipyorailysta-alyttoman-hauska-laji-jota-on-turha-pelata\/\" class=\"global-link\" aria-hidden=\"true\"><\/a>\n            <div class=\"image image-background\">\n                  <img decoding=\"async\" loading=\"lazy\"\n      alt=\"\"\n      src=\"https:\/\/ski.fi\/media\/sites\/3\/2025\/10\/katja-stahl-bikepark-4120.jpg\"\n              srcset=\"https:\/\/ski.fi\/media\/sites\/3\/2025\/10\/katja-stahl-bikepark-4120-300x192.jpg 300w, https:\/\/ski.fi\/media\/sites\/3\/2025\/10\/katja-stahl-bikepark-4120-768x492.jpg 768w, https:\/\/ski.fi\/media\/sites\/3\/2025\/10\/katja-stahl-bikepark-4120.jpg 936w\"\n        sizes=\"auto, (max-width: 768px) 100vw, (max-width: 1200px) 50vw, 100vw\"\n                    width=\"936\"\n        height=\"600\"\n                      \/>\n                <\/div>\n            <h3 class=\"article-title\">\n              Katja St\u00e5hl hullaantui alam\u00e4kipy\u00f6r\u00e4ilyst\u00e4: \u201d\u00c4lytt\u00f6m\u00e4n hauska laji, jota on turha pel\u00e4t\u00e4\u201d            <\/h3>\n          <\/li>\n                  <li class=\"wrapper-article\">\n            <a href=\"https:\/\/ski.fi\/bikeparkfinland\/bike-park-uutiset\/taman-takia-vuoden-bike-park-palkittu-sappee-on-niin-monen-suosikki\/\" class=\"global-link\" aria-hidden=\"true\"><\/a>\n            <div class=\"image image-background\">\n                  <img decoding=\"async\" loading=\"lazy\"\n      alt=\"\"\n      src=\"https:\/\/ski.fi\/media\/sites\/3\/2025\/10\/sappee-bikepark-54.jpg\"\n              srcset=\"https:\/\/ski.fi\/media\/sites\/3\/2025\/10\/sappee-bikepark-54-300x192.jpg 300w, https:\/\/ski.fi\/media\/sites\/3\/2025\/10\/sappee-bikepark-54-768x492.jpg 768w, https:\/\/ski.fi\/media\/sites\/3\/2025\/10\/sappee-bikepark-54.jpg 936w\"\n        sizes=\"auto, (max-width: 768px) 100vw, (max-width: 1200px) 50vw, 100vw\"\n                    width=\"936\"\n        height=\"600\"\n                      \/>\n                <\/div>\n            <h3 class=\"article-title\">\n              T\u00e4m\u00e4n takia Vuoden Bike Park -palkittu Sappee on niin monen suosikki            <\/h3>\n          <\/li>\n                  <li class=\"wrapper-article\">\n            <a href=\"https:\/\/ski.fi\/bikeparkfinland\/ajovinkit\/hissin-kaytto-pyoralla-on-helppoa\/\" class=\"global-link\" aria-hidden=\"true\"><\/a>\n            <div class=\"image image-background\">\n                  <img decoding=\"async\" loading=\"lazy\"\n      alt=\"\"\n      src=\"https:\/\/ski.fi\/media\/sites\/3\/2025\/10\/sompahissi_bikepark_9430-1.jpg\"\n              srcset=\"https:\/\/ski.fi\/media\/sites\/3\/2025\/10\/sompahissi_bikepark_9430-1-300x170.jpg 300w, https:\/\/ski.fi\/media\/sites\/3\/2025\/10\/sompahissi_bikepark_9430-1-1024x580.jpg 1024w, https:\/\/ski.fi\/media\/sites\/3\/2025\/10\/sompahissi_bikepark_9430-1-768x435.jpg 768w, https:\/\/ski.fi\/media\/sites\/3\/2025\/10\/sompahissi_bikepark_9430-1.jpg 1500w\"\n        sizes=\"auto, (max-width: 768px) 100vw, (max-width: 1200px) 50vw, 100vw\"\n                    width=\"1500\"\n        height=\"850\"\n                      \/>\n                <\/div>\n            <h3 class=\"article-title\">\n              Hissin k\u00e4ytt\u00f6 py\u00f6r\u00e4ll\u00e4 on helppoa            <\/h3>\n          <\/li>\n                  <li class=\"wrapper-article\">\n            <a href=\"https:\/\/ski.fi\/bikeparkfinland\/yhteistyossa\/maastopyoran-saataminen-matti-lehikoisen-opein\/\" class=\"global-link\" aria-hidden=\"true\"><\/a>\n            <div class=\"image image-background\">\n                  <img decoding=\"async\" loading=\"lazy\"\n      alt=\"\"\n      src=\"https:\/\/ski.fi\/media\/sites\/3\/2025\/10\/ghost-matti-lehikoinen-7011-1.jpg\"\n              srcset=\"https:\/\/ski.fi\/media\/sites\/3\/2025\/10\/ghost-matti-lehikoinen-7011-1-300x192.jpg 300w, https:\/\/ski.fi\/media\/sites\/3\/2025\/10\/ghost-matti-lehikoinen-7011-1-768x492.jpg 768w, https:\/\/ski.fi\/media\/sites\/3\/2025\/10\/ghost-matti-lehikoinen-7011-1.jpg 936w\"\n        sizes=\"auto, (max-width: 768px) 100vw, (max-width: 1200px) 50vw, 100vw\"\n                    width=\"936\"\n        height=\"600\"\n                      \/>\n                <\/div>\n            <h3 class=\"article-title\">\n              Maastopy\u00f6r\u00e4n s\u00e4\u00e4t\u00e4minen Matti Lehikoisen opein            <\/h3>\n          <\/li>\n                  <li class=\"wrapper-article\">\n            <a href=\"https:\/\/ski.fi\/bikeparkfinland\/ajovinkit\/alamakipyoraily-on-helpompaa-kuin-kuvittelit-matti-lehikoinen-kertoo-vinkit-alkuun\/\" class=\"global-link\" aria-hidden=\"true\"><\/a>\n            <div class=\"image image-background\">\n                  <img decoding=\"async\" loading=\"lazy\"\n      alt=\"\"\n      src=\"https:\/\/ski.fi\/media\/sites\/3\/2025\/10\/fmbia-matti-lehikoinen-2024-7192.jpg\"\n              srcset=\"https:\/\/ski.fi\/media\/sites\/3\/2025\/10\/fmbia-matti-lehikoinen-2024-7192-300x192.jpg 300w, https:\/\/ski.fi\/media\/sites\/3\/2025\/10\/fmbia-matti-lehikoinen-2024-7192-768x492.jpg 768w, https:\/\/ski.fi\/media\/sites\/3\/2025\/10\/fmbia-matti-lehikoinen-2024-7192.jpg 936w\"\n        sizes=\"auto, (max-width: 768px) 100vw, (max-width: 1200px) 50vw, 100vw\"\n                    width=\"936\"\n        height=\"600\"\n                      \/>\n                <\/div>\n            <h3 class=\"article-title\">\n              Alam\u00e4kipy\u00f6r\u00e4ily on helpompaa kuin kuvittelit &#8211; Matti Lehikoinen kertoo vinkit alkuun            <\/h3>\n          <\/li>\n              <\/ul>\n    \n    \n  <\/div>\n<\/section>\n","protected":false},"excerpt":{"rendered":"","protected":false},"author":1,"featured_media":0,"parent":0,"menu_order":0,"comment_status":"closed","ping_status":"closed","template":"","meta":{"_acf_changed":false,"_relevanssi_hide_post":"","_relevanssi_hide_content":"","_relevanssi_pin_for_all":"","_relevanssi_pin_keywords":"","_relevanssi_unpin_keywords":"","_relevanssi_related_keywords":"","_relevanssi_related_include_ids":"","_relevanssi_related_exclude_ids":"","_relevanssi_related_no_append":"","_relevanssi_related_not_related":"","_relevanssi_related_posts":"804,850,968,973,974,797","_relevanssi_noindex_reason":"","footnotes":""},"class_list":["post-1632","page","type-page","status-publish","hentry"],"acf":[],"yoast_head":"<title>Yhteystiedot - Bikepark Finland<\/title>\n<meta name=\"description\" content=\"Bikeparkfinland.fi on Suomen Hiihtokeskusyhdistys ry:n julkaisema verkkomedia, jonka tavoitteena on innostaa lukijoitaan alam\u00e4en maailmaan.\" \/>\n<meta name=\"robots\" content=\"index, follow, max-snippet:-1, max-image-preview:large, max-video-preview:-1\" \/>\n<link rel=\"canonical\" href=\"https:\/\/ski.fi\/bikeparkfinland\/yhteystiedot\/\" \/>\n<meta property=\"og:locale\" content=\"fi_FI\" \/>\n<meta property=\"og:type\" content=\"article\" \/>\n<meta property=\"og:title\" content=\"Yhteystiedot - Bikepark Finland\" \/>\n<meta property=\"og:description\" content=\"Bikeparkfinland.fi on Suomen Hiihtokeskusyhdistys ry:n julkaisema verkkomedia, jonka tavoitteena on innostaa lukijoitaan alam\u00e4en maailmaan.\" \/>\n<meta property=\"og:url\" content=\"https:\/\/ski.fi\/bikeparkfinland\/yhteystiedot\/\" \/>\n<meta property=\"og:site_name\" content=\"Bikepark Finland\" \/>\n<meta property=\"article:modified_time\" content=\"2025-12-07T09:05:18+00:00\" \/>\n<meta property=\"og:image\" content=\"https:\/\/ski.fi\/media\/sites\/3\/fallback.png\" \/>\n\t<meta property=\"og:image:width\" content=\"1200\" \/>\n\t<meta property=\"og:image:height\" content=\"630\" \/>\n\t<meta property=\"og:image:type\" content=\"image\/png\" \/>\n<meta name=\"twitter:card\" content=\"summary_large_image\" \/>\n<meta name=\"twitter:label1\" content=\"Arvioitu lukuaika\" \/>\n\t<meta name=\"twitter:data1\" content=\"2 minuuttia\" \/>\n<script type=\"application\/ld+json\" class=\"yoast-schema-graph\">{\"@context\":\"https:\\\/\\\/schema.org\",\"@graph\":[{\"@type\":\"WebPage\",\"@id\":\"https:\\\/\\\/ski.fi\\\/bikeparkfinland\\\/yhteystiedot\\\/\",\"url\":\"https:\\\/\\\/ski.fi\\\/bikeparkfinland\\\/yhteystiedot\\\/\",\"name\":\"Yhteystiedot - Bikepark Finland\",\"isPartOf\":{\"@id\":\"https:\\\/\\\/ski.fi\\\/bikeparkfinland\\\/#website\"},\"datePublished\":\"2025-12-04T13:06:19+00:00\",\"dateModified\":\"2025-12-07T09:05:18+00:00\",\"description\":\"Bikeparkfinland.fi on Suomen Hiihtokeskusyhdistys ry:n julkaisema verkkomedia, jonka tavoitteena on innostaa lukijoitaan alam\u00e4en maailmaan.\",\"breadcrumb\":{\"@id\":\"https:\\\/\\\/ski.fi\\\/bikeparkfinland\\\/yhteystiedot\\\/#breadcrumb\"},\"inLanguage\":\"fi\",\"potentialAction\":[{\"@type\":\"ReadAction\",\"target\":[\"https:\\\/\\\/ski.fi\\\/bikeparkfinland\\\/yhteystiedot\\\/\"]}]},{\"@type\":\"BreadcrumbList\",\"@id\":\"https:\\\/\\\/ski.fi\\\/bikeparkfinland\\\/yhteystiedot\\\/#breadcrumb\",\"itemListElement\":[{\"@type\":\"ListItem\",\"position\":1,\"name\":\"Etusivu\",\"item\":\"https:\\\/\\\/ski.fi\\\/bikeparkfinland\\\/\"},{\"@type\":\"ListItem\",\"position\":2,\"name\":\"Yhteystiedot\"}]},{\"@type\":\"WebSite\",\"@id\":\"https:\\\/\\\/ski.fi\\\/bikeparkfinland\\\/#website\",\"url\":\"https:\\\/\\\/ski.fi\\\/bikeparkfinland\\\/\",\"name\":\"Bikepark Finland\",\"description\":\"\",\"potentialAction\":[{\"@type\":\"SearchAction\",\"target\":{\"@type\":\"EntryPoint\",\"urlTemplate\":\"https:\\\/\\\/ski.fi\\\/bikeparkfinland\\\/?s={search_term_string}\"},\"query-input\":{\"@type\":\"PropertyValueSpecification\",\"valueRequired\":true,\"valueName\":\"search_term_string\"}}],\"inLanguage\":\"fi\"}]}<\/script>","yoast_head_json":{"title":"Yhteystiedot - Bikepark Finland","description":"Bikeparkfinland.fi on Suomen Hiihtokeskusyhdistys ry:n julkaisema verkkomedia, jonka tavoitteena on innostaa lukijoitaan alam\u00e4en maailmaan.","robots":{"index":"index","follow":"follow","max-snippet":"max-snippet:-1","max-image-preview":"max-image-preview:large","max-video-preview":"max-video-preview:-1"},"canonical":"https:\/\/ski.fi\/bikeparkfinland\/yhteystiedot\/","og_locale":"fi_FI","og_type":"article","og_title":"Yhteystiedot - Bikepark Finland","og_description":"Bikeparkfinland.fi on Suomen Hiihtokeskusyhdistys ry:n julkaisema verkkomedia, jonka tavoitteena on innostaa lukijoitaan alam\u00e4en maailmaan.","og_url":"https:\/\/ski.fi\/bikeparkfinland\/yhteystiedot\/","og_site_name":"Bikepark Finland","article_modified_time":"2025-12-07T09:05:18+00:00","og_image":[{"width":1200,"height":630,"url":"https:\/\/ski.fi\/media\/sites\/3\/fallback.png","type":"image\/png"}],"twitter_card":"summary_large_image","twitter_misc":{"Arvioitu lukuaika":"2 minuuttia"},"schema":{"@context":"https:\/\/schema.org","@graph":[{"@type":"WebPage","@id":"https:\/\/ski.fi\/bikeparkfinland\/yhteystiedot\/","url":"https:\/\/ski.fi\/bikeparkfinland\/yhteystiedot\/","name":"Yhteystiedot - Bikepark Finland","isPartOf":{"@id":"https:\/\/ski.fi\/bikeparkfinland\/#website"},"datePublished":"2025-12-04T13:06:19+00:00","dateModified":"2025-12-07T09:05:18+00:00","description":"Bikeparkfinland.fi on Suomen Hiihtokeskusyhdistys ry:n julkaisema verkkomedia, jonka tavoitteena on innostaa lukijoitaan alam\u00e4en maailmaan.","breadcrumb":{"@id":"https:\/\/ski.fi\/bikeparkfinland\/yhteystiedot\/#breadcrumb"},"inLanguage":"fi","potentialAction":[{"@type":"ReadAction","target":["https:\/\/ski.fi\/bikeparkfinland\/yhteystiedot\/"]}]},{"@type":"BreadcrumbList","@id":"https:\/\/ski.fi\/bikeparkfinland\/yhteystiedot\/#breadcrumb","itemListElement":[{"@type":"ListItem","position":1,"name":"Etusivu","item":"https:\/\/ski.fi\/bikeparkfinland\/"},{"@type":"ListItem","position":2,"name":"Yhteystiedot"}]},{"@type":"WebSite","@id":"https:\/\/ski.fi\/bikeparkfinland\/#website","url":"https:\/\/ski.fi\/bikeparkfinland\/","name":"Bikepark Finland","description":"","potentialAction":[{"@type":"SearchAction","target":{"@type":"EntryPoint","urlTemplate":"https:\/\/ski.fi\/bikeparkfinland\/?s={search_term_string}"},"query-input":{"@type":"PropertyValueSpecification","valueRequired":true,"valueName":"search_term_string"}}],"inLanguage":"fi"}]}},"lang":"fi","translations":{"fi":1632},"pll_sync_post":[],"_links":{"self":[{"href":"https:\/\/ski.fi\/bikeparkfinland\/wp-json\/wp\/v2\/pages\/1632","targetHints":{"allow":["GET"]}}],"collection":[{"href":"https:\/\/ski.fi\/bikeparkfinland\/wp-json\/wp\/v2\/pages"}],"about":[{"href":"https:\/\/ski.fi\/bikeparkfinland\/wp-json\/wp\/v2\/types\/page"}],"author":[{"embeddable":true,"href":"https:\/\/ski.fi\/bikeparkfinland\/wp-json\/wp\/v2\/users\/1"}],"replies":[{"embeddable":true,"href":"https:\/\/ski.fi\/bikeparkfinland\/wp-json\/wp\/v2\/comments?post=1632"}],"version-history":[{"count":3,"href":"https:\/\/ski.fi\/bikeparkfinland\/wp-json\/wp\/v2\/pages\/1632\/revisions"}],"predecessor-version":[{"id":1647,"href":"https:\/\/ski.fi\/bikeparkfinland\/wp-json\/wp\/v2\/pages\/1632\/revisions\/1647"}],"wp:attachment":[{"href":"https:\/\/ski.fi\/bikeparkfinland\/wp-json\/wp\/v2\/media?parent=1632"}],"curies":[{"name":"wp","href":"https:\/\/api.w.org\/{rel}","templated":true}]}}